 8) to base 15.
cc441
6399 (base 13) to base 10
13815
What is 157763 (base 8) in base 16?
dff3
Convert 5452 (base 15) to base 13.
8183
What is -3032034303 (base 5) in base 12?
-2075b91
3937582 (base 12) to base 5
10341210222
What is 1467174 (base 13) in base 4?
120302222232
-82667 (base 11) to base 7
-1011400
Convert -11000110001011110110001 (base 2) to base 16.
-6317b1
What is -930201 (base 10) in base 9?
-1666886
What is 2614076 (base 8) in base 6?
23330114
177405 (base 8) to base 10
65285
Convert -896488 (base 11) to base 10.
-1428743
What is -10024503 (base 6) in base 4?
-1011032313
What is -4021203430 (base 5) in base 2?
-11110011110111101001011
What is -11344a (base 12) in base 8?
-1031672
-17aab (base 12) to base 15
-a2d8
Convert 37771 (base 15) to base 3.
100000001021
-52011 (base 14) to base 15
-3d823
Convert -1c173 (base 13) to base 10.
-55188
39383 (base 11) to base 2
1101110000100100
Convert 2664424 (base 8) to base 4.
2312210110
-1040526 (base 11) to base 6
-103123422
What is -3a7205 (base 13) in base 8?
-5314053
What is -113bdb7 (base 15) in base 7?
-206622535
Convert b8445b (base 12) to base 13.
7aba63
-49038 (base 13) to base 2
-100000101110110000
What is 1472230 (base 12) in base 16?
3f05c4
What is 37de0 (base 16) in base 12?
b0514
-133b8a (base 12) to base 11
-1a7943
Convert 1102014 (base 6) to base 11.
38256
171481 (base 16) to base 15
1ed287
Convert -16038 (base 15) to base 14.
-1bbc4
-1401330 (base 5) to base 12
-14498
-309ab80 (base 12) to base 4
-202331030100
Convert a5da (base 16) to base 14.
1168a
-3191236 (base 10) to base 6
-152222124
-2a74455 (base 11) to base 12
-191916b
Convert 200122012121120 (base 3) to base 5.
10013422031
Convert 33a02c (base 13) to base 3.
2022001200100
292145 (base 15) to base 11
1133737
What is 162ec (base 16) in base 4?
112023230
Convert 1233110 (base 6) to base 15.
14bc6
Convert 10001100000100001011011 (base 2) to base 13.
c49099
-2143e (base 16) to base 2
-100001010000111110
What is 5383306 (base 11) in base 16?
9062b0
9f2e (base 16) to base 9
61807
3d0740 (base 16) to base 3
21112012100120
1457074 (base 9) to base 12
32a264
-213204200 (base 5) to base 16
-dee9a
-64cc81 (base 14) to base 5
-1333303001
Convert -153ae (base 16) to base 8.
-251656
-20022212202 (base 3) to base 14
-3357d
Convert -1101111001101001 (base 2) to base 13.
-1cbba
What is 6356337 (base 8) in base 5?
413214233
-c3127 (base 13) to base 12
-14a331
2452541 (base 11) to base 6
231220003
Convert -1ab3a (base 12) to base 7.
-223405
What is -6567154 (base 9) in base 11?
-1aa0009
What is c88e2b (base 15) in base 7?
144103556
What is 2954798 (base 12) in base 13?
1955570
Convert -8752615 (base 9) to base 11.
-271a9a5
4631366 (base 8) to base 15
19cc20
Convert -56055256 (base 8) to base 2.
-101110000101101010101110
-12652 (base 9) to base 10
-8552
Convert -57e99 (base 16) to base 12.
-154475
Convert -20134305 (base 6) to base 13.
-170786
-108db9 (base 14) to base 13
-169043
-7385857 (base 9) to base 3
-21102212221221
-363298 (base 11) to base 8
-2143555
1123001301 (base 4) to base 9
627406
What is -78800 (base 11) in base 9?
-183461
Convert -3005243 (base 6) to base 15.
-2bc4c
2077476 (base 9) to base 5
241124210
What is -524e (base 15) in base 10?
-17399
Convert -197c74 (base 16) to base 4.
-12113301310
What is 69bcd4 (base 15) in base 13?
107b5b8
Convert 24130313 (base 6) to base 13.
2071b0
-34246660 (base 8) to base 4
-130110312300
What is -12111220022 (base 3) in base 10?
-108548
103112342 (base 5) to base 15
8ac9c
Convert -11010100100001100110 (base 2) to base 5.
-210324002
What is -11110001001001111 (base 2) in base 14?
-32dd5
-3512124 (base 7) to base 15
-8a626
-3611300 (base 8) to base 15
-147a60
-2070451 (base 10) to base 5
-1012223301
What is -281bc23 (base 14) in base 6?
-1532301543
What is 36167443 (base 9) in base 11?
9a5a2a8
Convert 134a8 (base 13) to base 9.
54302
Convert -2613421 (base 9) to base 4.
-11130031123
Convert 99095 (base 10) to base 13.
36149
What is -100161a (base 11) in base 9?
-3302870
Convert 25530425 (base 6) to base 11.
521184
What is -323543150 (base 6) in base 3?
-101212211102110
Convert -2605c1 (base 15) to base 5.
-431330211
Convert -1403315 (base 7) to base 10.
-186065
Convert -111868 (base 11) to base 7.
-1341066
What is -67a85 (base 14) in base 10?
-251781
What is -36462511 (base 8) in base 16?
-7a6549
What is b70e2 (base 15) in base 16?
8dc68
Convert -1211223002 (base 4) to base 16.
-65ac2
Convert -10ba14 (base 16) to base 5.
-240034322
What is -1b5cdc (base 14) in base 2?
-11101110011100011010
What is -8028135 (base 9) in base 7?
-51204500
-1b641 (base 12) to base 2
-1001111011010001
What is 15241410 (base 6) in base 15?
a84b3
278632 (base 11) to base 15
892b8
Convert -111000100110101000 (base 2) to base 6.
-4545212
3539570 (base 11) to base 15
820132
310108 (base 9) to base 13
65873
127544 (base 8) to base 2
1010111101100100
Convert -15554435 (base 6) to base 16.
-889f7
876813 (base 14) to base 5
2133331203
-32446601 (base 7) to base 12
-b23908
-1167390 (base 12) to base 15
-469113
101100000001000101011 (base 2) to base 8
5401053
Convert -638994 (base 10) to base 14.
-128c26
Convert a7b454 (base 12) to base 14.
4d0c48
Convert 27442b (base 13) to base 4.
3220123032
Convert -140333255 (base 6) to base 11.
-1661241
406113 (base 9) to base 2
111010110000010111
Convert -e828c (base 15) to base 8.
-2636114
What is -6192496 (base 10) in base 16?
-5e7d70
Convert 10101011101000101001100 (base 2) to base 8.
25350514
Convert 11303757 (base 8) to base 11.
142aa59
-2111200012221 (base 3) to base 4
-11011031023
Convert 1120033111 (base 4) to base 2.
1011000001111010101
What is -4101111 (base 6) in base 10?
-194659
Convert 2de1eb (base 16) to base 7.
34362430
-2519d (base 16) to base 9
-251410
Convert -103011001 (base 4) to base 7.
-443554
2546126 (base 7) to base 6
11032412
Convert 295a51 (base 13) to base 12.
409a48
Convert 13144631 (base 8) to base 9.
5463285
What is 1331220011 (base 4) in base 9?
863758
Convert 397358 (base 11) to base 12.
2615b5
Convert 13591599 (base 10) to base 4.
303312100233
-3f7088 (base 16) to base 7
-50224133
Convert 4035286 (base 9) to base 3.
11001012022220
Convert 22127 (base 16) to base 14.
38c07
What is -2381135 (base 9) in base 8?
-4736057
What is -8a1a4c (base 14) in base 13?
-c83566
-891054 (base 12) to base 8
-10240000
What is -6c597 (base 13) in base 7?
-1455204
Convert 221112122202 (base 3) to base 16.
7abe8
Convert -20210000010 (base 3) to base 11.
-91262
What is 10114053 (base 6) in base 13?
a1c55
Convert 7b765 (base 13) to base 11.
144353
Convert -6652673 (base 9) to base 4.
-31221132123
What is -22786 (base 16) in base 8?
-423606
What is -765396 (base 10) in base 5?
-143443041
What is -93e32 (base 15) in base 10?
-468947
7312436 (base 9) to base 3
21100102111020
Convert 14071836 (base 9) to base 4.
122202100212
Convert -16755253 (base 9) to base 11.
-4832317
-1011101100101010011110 (base 2) to base 14
-59b778
What is 1031020212 (base 5) in base 14?
415516
Convert 62780a7 (base 11) to base 13.
23a5394
What is 1110110101010101010 (base 2) in base 14?
c91c6
16894 (base 12) to base 4
13321300
-1430202043 (base 5) to base 8
-16250753
Convert -808919 (base 14) to base 5.
-2101420311
Convert 110001000100001 (base 2) to base 6.
312145
-12300212 (base 4) to base 9
-41872
51262 (base 8) to base 5
1134140
What is -473765 (base 16) in base 11?
-26a8623
1106298 (base 13) to base 12
18b4083
210132300031 (base 4) to base 5
4422010044
Convert -313001000203 (base 4) to base 8.
-67010043
-23380 (base 9) to base 13
-715b
-1013013100 (base 4) to base 7
-2322133
What is 11200110100200 (base 3) in base 9?
4613320
15b5a2b (base 13) to base 6
410130233
What is -12211751 (base 8) in base 11?
-157965a
Convert -66547 (base 13) to base 12.
-8b3a4
Convert 212123000030 (base 4) to base 10.
10072076
Convert 25618 (base 13) to base 15.
15747
Convert -6635234 (base 7) to base 12.
-334115
-972b28 (base 14) to base 12
-1869294
-120201220120 (base 3) to base 8
-1134777
-336020 (base 9) to base 4
-301020012
What is -20201311331 (base 4) in base 16?
-221d7d
-34254125 (base 8) to base 9
-14871484
What is 27bb4b (base 14) in base 4?
11100023013
Convert -26151 (base 11) to base 13.
-14075
Co